common divisor of 39 and q.
13
Let i = -3 - -5. Suppose g + 4*g - 3*q = 193, 2*q + i = 0. Calculate the highest common factor of 95 and g.
19
Suppose -m = 2*n - 4*m - 1611, 0 = 4*n + 5*m - 3211. Suppose 3*u + 2*u = -y + 155, 5*y = 4*u + n. Calculate the greatest common factor of 20 and y.
20
Suppose -272 = -t - o + 88, -4*o = 3*t - 1079. Suppose 5*f - t = -1. What is the highest common factor of f and 8?
8
Suppose 4*o + 4*t = -o + 203, -212 = -5*o - t. Calculate the highest common divisor of o and 387.
43
Let x(u) = -u**2 - 24*u - 40. Let i be x(-22). Suppose -252 = -10*a - i*a. What is the greatest common divisor of 144 and a?
18
Let d = -98 - -67. Let p = d - 11. Let t be (-2)/(-7) + (-912)/p. Calculate the highest common divisor of 22 and t.
22
Let m(q) = q + 3. Let c be m(-12). Let u be 14 + (c/(-3))/(-3). Suppose -2*h - 5 + 14 = 3*d, h + u = 2*d. What is the highest common factor of 25 and d?
5
Suppose -5*g = -62 - 118. Let l be (2/4)/(11/66). Suppose 2*f + 31 = 4*p + 5*f, -p + l*f = 11. Calculate the highest common divisor of g and p.
4
Let p be (-4 - 2)*(-1)/2. Suppose 356*l - 3187 - 11765 = 0. What is the greatest common factor of p and l?
3
Let v be 0/1 - 5/(-1). Suppose 206 = 2*g - 5*p, -2*p + 388 = -g + v*g. What is the greatest common factor of g and 14?
14
Let j(x) = x**2 - 6. Let r be j(3). Suppose -2*n + 64 = -2*t, -164 = -n - r*n - 5*t. What is the greatest common factor of n and 9?
9
Suppose 0 = -k - 5*s + 114, -32*k + 37*k - 524 = -2*s. What is the highest common factor of 13 and k?
13
Let j = -24 + 49. Let v = j - -95. Calculate the highest common factor of 15 and v.
15
Suppose 5*v + 37 = 4*b, -7 - 28 = -5*v. Suppose -90 = -0*f - 5*f. Calculate the highest common divisor of f and b.
18
Let v = 612 + -594. What is the greatest common factor of v and 34?
2
Let g be 2/(-22) + (-48141)/(-297). Suppose -2*f + 6*f + 21 = s, 2*s = 3*f + 47. Let z = s - 7. Calculate the highest common divisor of z and g.
18
Suppose -3*p + 0*p - 4*d = -300, -500 = -5*p - d. Suppose p = 3*s + 28. What is the highest common divisor of s and 48?
24
Let x(a) = -a**2 - 31*a + 3. Let s be (-94)/(-423) + ((-872)/18)/2. Let c be x(s). Calculate the highest common factor of 9 and c.
9
Let o = 12 - 4. Suppose -c - 2*v + 94 = -3*c, 3 = v. Let t = 84 + c. Calculate the greatest common divisor of t and o.
8
Let q(k) = -26*k**3 + 3*k**2 + 3*k + 2. Let c be q(-1). Let p be (0/(-1) + 24)*21/c. What is the greatest common factor of p and 18?
18
Let w be (-12)/((2 - 1)/(-1)). Let v = 51 - 3. What is the greatest common divisor of w and v?
12
Suppose -40*b - 89 + 1649 = 0. Suppose 0 = 3*v - 12, -3*p + p = -4*v + 10. Calculate the highest common factor of b and p.
3
Suppose -8 = -4*r + 4. Suppose -r = 2*l - 35. Calculate the highest common factor of 4 and l.
4
Suppose -132 = -15*c + 78. Calculate the highest common divisor of c and 238.
14
Let b = -305 + 419. What is the greatest common factor of b and 1539?
57
Let c = -66 + 71. Suppose -9*k + 76 = -c*k. What is the highest common factor of 152 and k?
19
Let h(v) = 3*v**2 - 32*v - 160. Let l be h(-5). What is the highest common factor of 255 and l?
15
Suppose 2842 = -31*i + 38*i. What is the highest common factor of 42 and i?
14
Let c = 0 - -14. Suppose 2*i = -2*a + 14 - 0, 0 = 5*a + i - 31. Suppose a*h = -3*f + h + 148, -20 = 5*h. What is the greatest common factor of c and f?
14
Let y be 6/12*(1 + 15). Let x be 6 - y/12*6. Suppose -2*i = -0*i - x. Calculate the highest common divisor of i and 7.
1
Let x be (-5)/(-20) - 103/(-4). Let g = 22 - x. Let l = 25 + g. What is the highest common factor of l and 63?
21
Let t be (0 - -1)*0 + -17. Let d = -4 - t. Let h = 32 + -19. What is the greatest common factor of h and d?
13
Suppose -4*f = -2*q + 28, 3*q - 6*q + f + 27 = 0. Calculate the highest common factor of 304 and q.
8
Suppose -2425 = -5*m - c, 5*m - 3136 = 3*c - 691. Let x be (m/(-15))/((-1)/(10/4)). What is the highest common divisor of 27 and x?
27
Suppose a = -3*a + 8. Suppose -213 = -3*o + 3*h, a*h = 1 - 7. Suppose -2*j - 2*k = -3*j + o, 16 = 4*k. Calculate the greatest common factor of 19 and j.
19
Suppose -3*a + 14 = -2*a + f, -f = -a + 4. Calculate the greatest common divisor of 3 and a.
3
Let w = 214 - 190. Calculate the highest common divisor of w and 384.
24
Let o(h) = -28*h + 114. Let m be o(3). Calculate the highest common divisor of m and 80.
10
Suppose 43 = 2*h + 3*q, 220*q - 219*q = -4*h + 81. Let a(y) = -5*y. Let b be a(-4). Calculate the highest common factor of b and h.
20
Let h be ((-2)/3)/((-2)/9) + 1. Let r be 3050/40 + 1/h*3. What is the greatest common factor of r and 7?
7
Let k be 3 - 5 - (-4)/1. Suppose 18 = l - k*o, -l + 22 = -3*o - 0. Calculate the greatest common factor of l and 40.
10
Let l(y) = -y**3 - 10*y**2 + 13*y + 37. Let h be l(-11). Suppose -h = 4*b - 71. What is the greatest common divisor of b and 21?
7
Let w = 36 - 17. Suppose -2*z = -q - w, q = -5*z + 45 - 1. Let c = z - 5. Calculate the highest common factor of c and 8.
4
Let w = 450 - 404. What is the greatest common factor of w and 483?
23
Let x(q) = -4*q + 3. Let g be x(-7). Suppose 3*d = -5*f - 7 + g, -d + 3*f = -8. Let a = -5 - -21. Calculate the highest common factor of a and d.
8
Let o be 5/((-15)/(-198)) + 0. Let t(w) = 43*w**2 - 24*w + 25. Let j be t(1). Calculate the greatest common divisor of j and o.
22
Let m = -19 - -21. Suppose -d = m*d. Suppose d = -5*l + 4*l + 10. Calculate the highest common factor of 80 and l.
10
Let d(t) = -15*t - 84. Let o be d(-6). What is the greatest common divisor of o and 66?
6
Let k = 197 + -185. Calculate the greatest common divisor of 48 and k.
12
Suppose -5*v - 3*b + 39 = -126, -4*b = 0. Let y be (-2)/(-5) - 106/(-10). What is the greatest common divisor of y and v?
11
Let z(p) = p**2 - 8*p + 3. Let b be z(8). Suppose 22 = -q + b*q + 5*f, 55 = 5*q - 3*f. Suppose -71 - 28 = -w. Calculate the greatest common divisor of w and q.
11
Let n be (-6)/(-5)*(1 + 1148/12). Calculate the highest common divisor of n and 464.
116
Suppose -381*x - 64 = -385*x. Suppose -3*k = 2*k - 20. What is the greatest common factor of x and k?
4
Let s(q) = -q**2 + 6*q + 10. Let z be s(7). Suppose -88 = -k - z*k. What is the highest common factor of k and 55?
11
Let j be 6/4 + (-286)/52. Let x be (-12)/(-24) + (-402)/j + -2. Calculate the highest common factor of 11 and x.
11
Let j be ((-5)/3)/((-3)/9). Suppose -3*r = -p - 68, -j*p - r - 252 = 88. Let n = p + 132. Calculate the greatest common factor of 96 and n.
32
Let d(a) = 14*a - 90. Let t be d(12). What is the highest common factor of 52 and t?
26
Let n = 123 - 117. What is the greatest common factor of n and 222?
6
Let l = -60 + 4. Let j be -8*2/l - (-626)/14. What is the highest common divisor of j and 5?
5
Let t = -590 + 652. What is the highest common factor of t and 992?
62
Let m be 2 - (2 - (3 + -7)). Let q(r) = 2*r**2 + 3*r - 3. Let p be q(m). Let g = 41 + 44. Calculate the highest common factor of g and p.
17
Let d = 966 + -765. Calculate the highest common divisor of d and 536.
67
Let p be 12/8 + 3 + (-6)/(-4). What is the greatest common factor of p and 94?
2
Let t be ((-54)/12 - -3)/((-4)/96). Suppose -4*u = -5*u + 72. Calculate the highest common divisor of t and u.
36
Let w = 263 + -183. Calculate the greatest common factor of 640 and w.
80
Let h = -25 - -170. Calculate the highest common divisor of h and 203.
29
Suppose -1589 = -13*v + 777. What is the highest common divisor of 14 and v?
14
Suppose -5*t - 6*t = -44. Suppose 4*m - s - 92 = 0, -t*m - 5*s = -31 - 37. Calculate the highest common factor of m and 2.
2
Let p = 517 - 267. What is the highest common divisor of p and 10?
10
Let f = 101 + -100. What is the highest common factor of 47 and f?
1
Let b(l) = -6*l + 8. Let o be b(-2). Let x be (o/15)/(6/63). Calculate the greatest common factor of x and 154.
14
Let l(d) = d**3 + 13*d**2 - 14*d - 2. Let u be -18 - (-4 + (-2 - -2)). Let f be l(u). Let q be 4*(10/4 + f). What is the greatest common factor of q and 5?
1
Let l(y) = -382*y - 502. Let c be l(-4). What is the highest common factor of 19 and c?
19
Let w be (-7)/28 - (0 + (-49)/4 - 2). Let o(i) = -111*i + 1. Let l be o(-1). Calculate the highest common factor of l and w.
14
Let 